 = 413 + -175. Suppose -21 = 7*l - f. What is the units digit of l?
1
Suppose 11*z = -5*z - 4592. Let p = -101 - z. What is the tens digit of p?
8
Let o(y) = -y**3. Let z be o(0). Suppose 5*s - 10 - 10 = z. Suppose 3*p = s*b + 134, 3*b - 25 = -2*p + 53. What is the tens digit of p?
4
Let w(j) = j**2 - 13*j. Let v be w(15). Let f = -19 + v. What is the units digit of f?
1
Suppose 2*g = -0*g + 352. Suppose -4*a + 988 - g = 0. What is the hundreds digit of a?
2
Let h(v) = -v + 0*v + v**2 + 5*v - 2. Let p be h(-5). Suppose 24 - 6 = p*x. What is the units digit of x?
6
Suppose 0 = -26*m + 8333 + 10881. What is the tens digit of m?
3
Let u(b) be the third derivative of 43*b**4/6 - 5*b**3/3 - 52*b**2. What is the units digit of u(1)?
2
What is the units digit of -9 - (-45)/5 - (-238 + -1)?
9
What is the units digit of -26*6/(-3 - 0)?
2
Let m = 13 - 10. Suppose -m*r - 14 = -2*a, -11 - 39 = -4*a - 5*r. Let d = a + -2. What is the units digit of d?
8
Suppose 3776*a - 3770*a = 6966. What is the thousands digit of a?
1
Let y = -256 + 352. What is the tens digit of y?
9
Let r(l) = 189*l**3 - 2*l**2 + 3*l - 1. Let k be r(1). Let u = 268 - k. What is the tens digit of u?
7
Let y(h) = -2*h - 3. Let k be y(-3). What is the tens digit of -3 - (2 - 354/k)?
1
Let d = 760 - -244. What is the tens digit of d?
0
Let y = -5834 + 8179. What is the tens digit of y?
4
Suppose -442 = -91*w + 89*w. What is the hundreds digit of w?
2
Let h(a) be the third derivative of -7*a**6/60 + a**5/60 - a**4/12 + a**3/3 - 4*a**2. Let k be h(2). Let o = -64 - k. What is the tens digit of o?
4
Let d(f) be the first derivative of f**3/3 - 8*f + 281. Suppose j - 3*j = q + 9, -j + 18 = -4*q. What is the tens digit of d(q)?
1
Let b = -1 + 8. Suppose 2*j + 10 = b*j. Suppose 0 = -q - j*q + 81. What is the tens digit of q?
2
Suppose -12 - 6 = -3*w. Let t = 10 - w. What is the units digit of 1/2*-2 + t?
3
Let o = 33 + -31. Suppose 306 = 5*s + 3*g, 0 = 3*s - 0*s - o*g - 195. What is the tens digit of s?
6
Suppose p - 6 + 17 = 0. What is the tens digit of 3 - ((-3 - 0) + p)?
1
Let m(a) = 4*a**2 + 2*a - 3. Let i be m(2). Suppose -i*x + 22*x = 55. What is the tens digit of x?
1
Let u = -60 - -84. Suppose 2*q = 4*q - u. What is the tens digit of q?
1
Let o = 21 + 16. Let j = -78 + o. Let n = 80 + j. What is the tens digit of n?
3
Let v be 8*(12/16)/3. Suppose -10*n + 12*n = v. What is the units digit of n?
1
Let j(o) = 17*o**2 + 2*o. Let g be j(6). Let s be 6/18 + g/(-9). Let d = 100 + s. What is the units digit of d?
1
Suppose -o = 3*o - 140. Suppose -3*a + 11*a + 88 = 0. Let t = o - a. What is the tens digit of t?
4
Suppose 2*d = -8 + 8. What is the units digit of 1 - -2 - 0 - (-111 - d)?
4
Suppose 2*v + 2 = -14. Let k(y) = 2*y + 16. Let i be k(v). Suppose 4*t - 40 - 16 = i. What is the tens digit of t?
1
Let g(s) = 40*s + 95. What is the units digit of g(7)?
5
Suppose 3*i = 4*u + 26, i - 10 = -2*u + 2. Let n = -12 + i. What is the tens digit of 24 - 3 - n - 2?
2
Let x = -126 - -69. Let s = -40 - x. Let g = s + 0. What is the units digit of g?
7
Suppose 0 = 3*m + 551 - 2159. What is the tens digit of m?
3
Let g(i) = 14*i**2 - 10 - 21*i - 5*i**2 - 10*i**2. What is the units digit of g(-14)?
8
Suppose 3*z + 2*w = 4*w + 15, -4*z + 20 = -4*w. Suppose 4*o + 1 = z. What is the units digit of o - 3/1 - -25?
3
Suppose 0 = 3*i - l + 101 - 998, -5*i + 1475 = 5*l. What is the tens digit of i?
9
Let c be 16 + (1/(-1))/1. Let h = 49 + -55. Let s = c + h. What is the units digit of s?
9
Let l be (-780)/28 + (-5)/35. What is the units digit of 285/2*l/(-42)?
5
Suppose 5*f + 0*y - 1175 = 3*y, 4*f - 940 = 2*y. Let i = -141 + f. Suppose -4*n + i = 5*k - 101, 3*n + k - 160 = 0. What is the units digit of n?
5
What is the hundreds digit of ((502/(-4))/((-19)/38))/1?
2
Suppose 2*n = 4*q - 20, 0*q + 2*q - 14 = 2*n. Let l = q - 5. What is the units digit of (-3 - -5) + (-6)/l?
5
Let k = 21 + -19. Let c(b) = -3*b - 2*b**3 + 5*b**3 - 1 - k*b**2 - 4*b**3. What is the units digit of c(-2)?
5
Let h be (-1 - (29 - -2)) + 2. Let x = h + 44. What is the tens digit of ((-12)/x)/((-5)/350)?
6
Let c = -4 + 6. Let n(y) = 6*y + 7*y + 8*y**3 + 2*y**2 - 12*y - 3*y**2. What is the tens digit of n(c)?
6
Let g = 27 - 27. Suppose g = 10*d - 8*d - 516. What is the tens digit of d?
5
Suppose 7614 = 2*u + 4*q, 128*u + 19048 = 133*u - 3*q. What is the thousands digit of u?
3
Suppose -2*l + l - 18 = 0. Let c = l + 29. Suppose 4*i + 41 = m, 4*m + 2*i = 3*m + c. What is the units digit of m?
1
Let w be ((-16)/20)/((-4)/10). Suppose z - 5*l = 22, -w*l = 3*z - 0*l - 117. Suppose 0*v - v = -z. What is the units digit of v?
7
Suppose 786 = 5*p - 3*b, 5*b - 16 = -1. Let m = p - 69. What is the units digit of m?
0
What is the hundreds digit of (-116)/1450 - 43052/(-25)?
7
Suppose 1933 = 4*m + 353. Suppose -5*b - 3*a = -490, 0 = 3*b + b + 3*a - m. What is the units digit of b?
5
Let l(c) = -17*c - 3. Let y be 1*(4 - (-3 + 5)). Suppose -2*p - 6 = -2*b - 0*p, -y*p = -b + 8. What is the tens digit of l(b)?
3
Suppose 7 = -3*r - 2. Let a be -4 + 6510/65 - 4/26. What is the units digit of (r/(-6))/(2/a)?
4
Suppose 10*o - 12 = 7*o. Let a be o/(-28) - (-3476)/28. Let w = a + -83. What is the units digit of w?
1
Suppose -2*o - 2*o - 72 = 0. Let d be (o/(-45))/((-1)/(-40)). What is the tens digit of 3/((-12)/d) - -31?
2
Suppose 2*u + 31 = -23. Let i = 82 + u. What is the tens digit of i?
5
Suppose -94*j = -88*j - 28380. What is the tens digit of j?
3
Suppose 2*c = -2*i - 10, -4*i = -c - 0*c - 5. Let g = c - 3. Let k(o) = o**3 + 8*o**2 - o + 8. What is the units digit of k(g)?
6
Let i(m) = 491*m - 4. Let o be i(4). What is the hundreds digit of o/12 + (-6)/(-9)?
1
Suppose 0*v + 8*v = 40. Suppose v*b - 5*a + 59 = 344, -3*a + 109 = 2*b. What is the units digit of b?
6
Let k be ((-17)/(-2))/(2/52). Let q = k - 100. What is the tens digit of q?
2
Let d(n) = n**3 + 27*n**2 - 123*n - 57. What is the hundreds digit of d(-27)?
2
Let l = 15 + 4. Suppose 5*n - l = 4*g, 2*g + n = -g. What is the units digit of 24/3 + g - 3?
4
Let c be 1/4 + (-3)/12. Suppose -7*f + 31 + 102 = c. What is the tens digit of f?
1
Let z = 5364 + -2767. What is the tens digit of z?
9
Let s(w) = -w**3 - 6*w**2 + 7*w - 3. Let k be s(4). What is the units digit of 0 - -3 - k*2?
3
Let s = 5820 + -2330. What is the tens digit of s?
9
Suppose -14*c + 17*c = 3. Let y be (-35)/3 - c/3. What is the tens digit of (y/14)/((-3)/84)?
2
Let b(o) = -o**3 + 13*o**2 + 18*o + 16. Let w = -10 + 24. What is the tens digit of b(w)?
7
What is the tens digit of ((-56)/(-14))/((-2)/(-305))?
1
Let r = -569 - -1415. What is the tens digit of r?
4
Let s be (-9)/(-6)*(0 - 2). Let l be s/(-5) + (-78)/5. Let q = l + 26. What is the units digit of q?
1
Suppose -2*b = 3*w - b - 89, 0 = 5*w - b - 151. Suppose 0 = -0*k + k + w. Let l = k + 61. What is the units digit of l?
1
What is the thousands digit of (-74680)/(-42) + 2 + 72/(-756)?
1
Suppose -2 = -3*w + 13. Suppose 3*y - 7 = 2*r - 2, 0 = w*r - 25. Suppose 3*v - y*a - 66 = -0*v, 0 = a. What is the units digit of v?
2
Suppose 18937 = 28*n - 65455. What is the units digit of n?
4
Let n = 14 + -18. What is the hundreds digit of (-3760)/(-30) + n/(-6)?
1
Suppose -23 = -5*l + 2. Suppose 3*t + 7 = j - t, -l*t - 10 = 0. What is the units digit of (494/133)/(j/(-7))?
6
Suppose 19 = -2*p - 9. Let x = 17 - p. What is the units digit of x?
1
Let p(t) = -2*t + 4. Let j(c) = -4*c + 8. Let y(w) = 2*j(w) - 5*p(w). Let k be y(3). Suppose -1 + 5 = k*i, i - 5 = -b. What is the units digit of b?
3
Let z(g) = 2*g - 4. Let f be z(-4). What is the units digit of 81 + (-1 - f/3)?
4
Suppose o - a = -19, -3*o - a = o + 61. Let u be (8/o)/((-2)/732). Suppose 2*b = 5*b + v - u, 5*b - 3*v - 319 = 0. What is the units digit of b?
2
Let q(x) = -5*x + 6. Let v(n) = 11*n - 15. Let b(m) = -9*q(m) - 4*v(m). Suppose -15 = -2*i - 1. What is the tens digit of b(i)?
1
Let s(w) = 3*w - 12. Let p be s(-5). Let q = 82 + p. What is the units digit of q?
5
Suppose 15*r = 2613 + 5262. What is the units digit of r?
5
Suppose h = -h. Suppose 3*a + 3*q = 93, h*a - q + 64 = 2*a. What is the tens digit of a?
3
Suppose 2*m + 0 = -3*p + 1, 0 = 4*p - 3*m + 10. Let t be 20 - (p + 2)*-4. Suppose a = t + 14. What is the units